3, 13, 47
What are the prime factors of 4138?
2, 2069
What are the prime factors of 11005?
5, 31, 71
What are the prime factors of 23670?
2, 3, 5, 263
List the prime factors of 7338.
2, 3, 1223
What are the prime factors of 67095?
3, 5, 7, 71
List the prime factors of 43832.
2, 5479
What are the prime factors of 357?
3, 7, 17
What are the prime factors of 14120?
2, 5, 353
List the prime factors of 688.
2, 43
List the prime factors of 395.
5, 79
What are the prime factors of 138?
2, 3, 23
What are the prime factors of 13669?
13669
List the prime factors of 36215.
5, 7243
List the prime factors of 1645.
5, 7, 47
List the prime factors of 187680.
2, 3, 5, 17, 23
What are the prime factors of 236?
2, 59
What are the prime factors of 2862?
2, 3, 53
List the prime factors of 4131.
3, 17
List the prime factors of 12206.
2, 17, 359
List the prime factors of 1444.
2, 19
List the prime factors of 9722.
2, 4861
What are the prime factors of 8899?
11, 809
What are the prime factors of 71464?
2, 8933
What are the prime factors of 5096?
2, 7, 13
What are the prime factors of 1465?
5, 293
List the prime factors of 16077.
3, 23, 233
What are the prime factors of 567?
3, 7
List the prime factors of 212.
2, 53
List the prime factors of 124733.
7, 103, 173
List the prime factors of 395.
5, 79
List the prime factors of 44939.
44939
What are the prime factors of 1425?
3, 5, 19
List the prime factors of 43523.
71, 613
What are the prime factors of 512?
2
List the prime factors of 25709.
47, 547
List the prime factors of 510.
2, 3, 5, 17
List the prime factors of 1718.
2, 859
List the prime factors of 80702.
2, 40351
List the prime factors of 235.
5, 47
What are the prime factors of 4345?
5, 11, 79
List the prime factors of 1234.
2, 617
What are the prime factors of 596?
2, 149
List the prime factors of 5894.
2, 7, 421
What are the prime factors of 3919?
3919
What are the prime factors of 22?
2, 11
What are the prime factors of 101?
101
List the prime factors of 124668.
2, 3, 3463
List the prime factors of 5728.
2, 179
List the prime factors of 14127.
3, 17, 277
List the prime factors of 8228.
2, 11, 17
List the prime factors of 25697.
7, 3671
What are the prime factors of 874?
2, 19, 23
List the prime factors of 15492.
2, 3, 1291
List the prime factors of 697.
17, 41
What are the prime factors of 50719?
67, 757
List the prime factors of 2688.
2, 3, 7
What are the prime factors of 33137?
13, 2549
What are the prime factors of 1773?
3, 197
List the prime factors of 1686.
2, 3, 281
List the prime factors of 35443.
23, 67
What are the prime factors of 15333?
3, 19, 269
List the prime factors of 182331.
3, 2251
List the prime factors of 1135.
5, 227
What are the prime factors of 2381?
2381
List the prime factors of 24714.
2, 3, 1373
What are the prime factors of 5778?
2, 3, 107
List the prime factors of 3507.
3, 7, 167
What are the prime factors of 16743?
3, 5581
What are the prime factors of 19725?
3, 5, 263
List the prime factors of 279.
3, 31
List the prime factors of 46887.
3, 15629
What are the prime factors of 12373?
12373
List the prime factors of 421.
421
List the prime factors of 16395.
3, 5, 1093
What are the prime factors of 1720?
2, 5, 43
What are the prime factors of 78?
2, 3, 13
List the prime factors of 24015.
3, 5, 1601
What are the prime factors of 2371?
2371
What are the prime factors of 58233?
3, 7, 47, 59
List the prime factors of 12472.
2, 1559
List the prime factors of 2276.
2, 569
What are the prime factors of 58786?
2, 7, 13, 17, 19
What are the prime factors of 11879?
7, 1697
What are the prime factors of 7786?
2, 17, 229
What are the prime factors of 5801?
5801
What are the prime factors of 135035?
5, 113, 239
What are the prime factors of 4139?
4139
List the prime factors of 29.
29
What are the prime factors of 38649?
3, 13, 991
List the prime factors of 36749.
36749
What are the prime factors of 22353?
3, 7451
What are the prime factors of 636?
2, 3, 53
List the prime factors of 117613.
337, 349
What are the prime factors of 2100?
2, 3, 5, 7
What are the prime factors of 5182?
2, 2591
List the prime factors of 1698.
2, 3, 283
What are the prime factors of 5394?
2, 3, 29, 31
List the prime factors of 1806.
2, 3, 7, 43
List the prime factors of 2427.
3, 809
What are the prime factors of 1435?
5, 7, 41
What are the prime factors of 7751?
23, 337
What are the prime factors of 168837?
3, 167, 337
What are the prime factors of 9348?
2, 3, 19, 41
List the prime factors of 8565.
3, 5, 571
What are the prime factors of 1396?
2, 349
List the prime factors of 23767.
23767
What are the prime factors of 570?
2, 3, 5, 19
What are the prime factors of 11388?
2, 3, 13, 73
What are the prime factors of 69790?
2, 5, 7, 997
List the prime factors of 761.
761
What are the prime factors of 4806?
2, 3, 89
List the prime factors of 650.
2, 5, 13
List the prime factors of 2870.
2, 5, 7, 41
What are the prime factors of 2852?
2, 23, 31
What are the prime factors of 31275?
3, 5, 139
List the prime factors of 317.
317
What are the prime factors of 4762?
2, 2381
List the prime factors of 574.
2, 7, 41
What are the prime factors of 6265?
5, 7, 179
List the prime factors of 84.
2, 3, 7
List the prime factors of 5770.
2, 5, 577
What are the prime factors of 20515?
5, 11, 373
What are the prime factors of 909?
3, 101
List the prime factors of 74831.
74831
What are the prime factors of 1184?
2, 37
List the prime factors of 872.
2, 109
List the prime factors of 2960.
2, 5, 37
What are the prime factors of 3541?
3541
List the prime factors of 15749.
15749
What are the prime factors of 65359?
7, 9337
List the prime factors of 6700.
2, 5, 67
What are the prime factors of 394?
2, 197
List the prime factors of 22768.
2, 1423
List the prime factors of 41492.
2, 11, 23, 41
List the prime factors of 5593.
7, 17, 47
List the prime factors of 503.
503
List the prime factors of 6680.
2, 5, 167
What are the prime factors of 568?
2, 71
List the prime factors of 12712.
2, 7, 227
What are the prime factors of 2006?
2, 17, 59
List the prime factors of 68188.
2, 17047
What are the prime factors of 3?
3
List the prime factors of 4359.
3, 1453
List the prime factors of 575.
5, 23
List the prime factors of 1052.
2, 263
What are the prime factors of 1968?
2, 3, 41
What are the prime factors of 1273?
19, 67
What are the prime factors of 22106?
2, 7, 1579
List the prime factors of 963.
3, 107
What are the prime factors of 592?
2, 37
List the prime factors of 1033.
1033
List the prime factors of 1255.
5, 251
List the prime factors of 93646.
2, 7, 6689
List the prime factors of 3661.
7, 523
What are the prime factors of 19591?
11, 13, 137
What are the prime factors of 91812?
2, 3, 7, 1093
List the prime factors of 12850.
2, 5, 257
List the prime factors of 43298.
2, 21649
List the prime factors of 7576.
2, 947
What are the prime factors of 1942?
2, 971
List the prime factors of 92354.
2, 61, 757
What are the prime factors of 14125?
5, 113
List the prime factors of 103976.
2, 41, 317
List the prime factors of 941.
941
What are the prime factors of 3693?
3, 1231
What are the prime factors of 13928?
2, 1741
List the prime factors of 4307.
59, 73
List the prime factors of 41894.
2, 20947
What are the prime factors of 6223?
7, 127
What are the prime factors of 95542?
2, 23, 31, 67
What are the prime factors of 17328?
2, 3, 19
List the prime factors of 135.
3, 5
List the prime factors of 19670.
2, 5, 7, 281
What are the prime factors of 13498?
2, 17, 397
List the prime factors of 63430.
2, 5, 6343
List the prime factors of 1680.
2, 3, 5, 7
What are the prime factors of 912?
2, 3, 19
What are the prime factors of 5223?
3, 1741
List the prime factors of 807.
3, 269
List the prime factors of 42399.
3, 7, 673
List the prime factors of 80549.
7, 37, 311
List the prime factors of 38856.
2, 3, 1619
What are the prime factors of 2057?
11, 17
List the prime factors of 3377.
11, 307
What are the prime factors of 1232?
2, 7, 11
What are the prime factors of 2054?
2, 13, 79
List the prime factors of 4084.
2, 1021
List the prime factors of 2659.
2659
List the prime factors of 1201.
1201
List the prime factors of 11249.
7, 1607
What are the prime factors of 1319?
1319
List the prime factors of 1432.
2, 179
List the